5
What is the hundreds digit of 960?
9
What is the tens digit of 3585?
8
What is the units digit of 860?
0
What is the hundreds digit of 782?
7
What is the units digit of 1392?
2
What is the ten thousands digit of 58865?
5
What is the units digit of 102545?
5
What is the units digit of 46810?
0
What is the hundreds digit of 7052?
0
What is the units digit of 5459?
9
What is the thousands digit of 1422?
1
What is the hundreds digit of 1143?
1
What is the thousands digit of 3392?
3
What is the thousands digit of 19878?
9
What is the tens digit of 6019?
1
What is the units digit of 304?
4
What is the thousands digit of 12283?
2
What is the tens digit of 21955?
5
What is the tens digit of 15697?
9
What is the hundred thousands digit of 108619?
1
What is the hundreds digit of 1624?
6
What is the units digit of 27095?
5
What is the hundreds digit of 782?
7
What is the tens digit of 1220?
2
What is the tens digit of 9443?
4
What is the tens digit of 497?
9
What is the hundreds digit of 172911?
9
What is the hundreds digit of 8381?
3
What is the hundreds digit of 4984?
9
What is the units digit of 674?
4
What is the tens digit of 17927?
2
What is the tens digit of 3229?
2
What is the hundreds digit of 3276?
2
What is the tens digit of 6894?
9
What is the tens digit of 107677?
7
What is the tens digit of 42889?
8
What is the tens digit of 3486?
8
What is the thousands digit of 21699?
1
What is the thousands digit of 73876?
3
What is the tens digit of 28261?
6
What is the units digit of 1173?
3
What is the thousands digit of 8647?
8
What is the tens digit of 15117?
1
What is the units digit of 1420?
0
What is the units digit of 1476?
6
What is the tens digit of 236?
3
What is the tens digit of 939?
3
What is the units digit of 82244?
4
What is the tens digit of 42077?
7
What is the hundreds digit of 122302?
3
What is the hundreds digit of 730?
7
What is the hundreds digit of 9649?
6
What is the units digit of 4203?
3
What is the tens digit of 4734?
3
What is the tens digit of 14904?
0
What is the tens digit of 1193?
9
What is the hundreds digit of 1954?
9
What is the hundreds digit of 19114?
1
What is the tens digit of 114133?
3
What is the units digit of 4603?
3
What is the tens digit of 1209?
0
What is the hundreds digit of 4682?
6
What is the hundreds digit of 448?
4
What is the units digit of 45221?
1
What is the units digit of 3132?
2
What is the hundreds digit of 1125?
1
What is the thousands digit of 58635?
8
What is the hundreds digit of 9587?
5
What is the hundreds digit of 1041?
0
What is the tens digit of 20953?
5
What is the units digit of 35806?
6
What is the ten thousands digit of 77152?
7
What is the thousands digit of 1971?
1
What is the units digit of 1399?
9
What is the tens digit of 8135?
3
What is the units digit of 104?
4
What is the hundreds digit of 272?
2
What is the thousands digit of 8131?
8
What is the units digit of 50078?
8
What is the thousands digit of 76023?
6
What is the units digit of 126?
6
What is the tens digit of 82053?
5
What is the hundreds digit of 15418?
4
What is the hundreds digit of 2245?
2
What is the hundreds digit of 194?
1
What is the units digit of 7816?
6
What is the hundreds digit of 4534?
5
What is the thousands digit of 2246?
2
What is the hundreds digit of 13087?
0
What is the units digit of 921?
1
What is the thousands digit of 2451?
2
What is the units digit of 2462?
2
What is the tens digit of 2458?
5
What is the tens digit of 254?
5
What is the units digit of 398?
8
What is the tens digit of 5801?
0
What is the thousands digit of 62478?
2
What is the hundreds digit of 1345?
3
What is the hundreds digit of 9126?
1
What is the tens digit of 595?
9
What is the hundreds digit of 6451?
4
What is the tens digit of 11074?
7
What is the units digit of 4116?
6
What is the units digit of 172?
2
What is the hundreds digit of 58773?
7
What is the units digit of 46519?
9
What is the thousands digit of 9897?
9
What is the thousands digit of 1265?
1
What is the hundreds digit of 458?
4
What is the tens digit of 14?
1
What is the hundreds digit of 87760?
7
What is the thousands digit of 5787?
5
What is the tens digit of 42009?
0
What is the hundreds digit of 72187?
1
What is the thousands digit of 9007?
9
What is the hundreds digit of 505?
5
What is the tens digit of 2595?
9
What is the tens digit of 611?
1
What is the units digit of 9471?
1
What is the ten thousands digit of 90528?
9
What is the hundreds digit of 5358?
3
What is the tens digit of 92?
9
What is the units digit of 1486?
6
What is the thousands digit of 15173?
5
What is the hundreds digit of 641?
6
What is the units digit of 15?
5
What is the tens digit of 726?
2
What is the ten thousands digit of 74120?
7
What is the tens digit of 19765?
6
What is the thousands digit of 1711?
1
What is the units digit of 2159?
9
What is the thousands digit of 5583?
5
What is the tens digit of 3142?
4
What is the units digit of 390?
0
What is the units digit of 34077?
7
What is the tens digit of 47?
4
What is the units digit of 87613?
3
What is the tens digit of 490?
9
What is the hundreds digit of 8959?
9
What is the hundreds digit of 347?
3
What is the thousands digit of 31160?
1
What is the units digit of 19881?
1
What is the thousands digit of 9807?
9
What is the units digit of 4012?
2
What is the hundreds digit of 49508?
5
What is the ten thousands digit of 95536?
9
What is the ten thousands digit of 23842?
2
What is the hundreds digit of 21424?
4
What is the units digit of 2569?
9
What is the ten thousands digit of 67359?
6
What is the hundreds digit of 1471?
4
What is the hundreds digit of 1443?
4
What is the tens digit of 847?
4
What is the tens digit of 3727?
2
What is the hundreds digit of 40713?
7
What is the units digit of 56?
6
What is the tens digit of 1591?
9
What is the units digit of 22780?
0
What is the tens digit of 82342?
4
What is the hundreds digit of 1305?
3
What is the thousands digit of 1423?
1
What is the units digit of 135?
5
What is the tens digit of 2102?
0
What is the tens digit of 20222?
2
What is the thousands digit of 6465?
6
What is the tens digit of 22288?
8
What is the hundreds digit of 5608?
6
What is the units digit of 6705?
5
What is the hundreds digit of 608?
6
What is the thousands digit of 1089?
1
What is the hundreds digit of 4645?
6
What is the units digit of 25719?
9
What is the hundreds digit of 7286?
2
What is the thousands digit of 14466?
4
What is the hundreds digit of 849?
8
What is the tens digit of 12266?
6
What is the tens digit of 2013?
1
What is the ten thousands digit of 15858?
1
What is the hundreds digit of 2591?
5
What is the units digit of 3525?
5
What is the tens digit of 687?
8
What is the thousands digit of 5006?
5
What is the thousands digit of 13995?
3
What is the tens digit of 524?
2
What is the thousands digit of 48683?
8
What is the tens digit of 88224?
2
What is the tens digit of 479?
7
What is the units digit of 5067?
7
What is the units digit of 513?
3
What is the thousands digit of 1614?
1
What is the tens digit of 2666?
6
What is the units digit of 1796?
6
What is the units digit of 1554?
4
What is the hundred thousands digit of 105003?
1
What is the tens digit of 245?
4
What is the thousands digit of 40643?
0
What is the ten thousands digit of 44605?
4
What is the tens digit of 1398?
9
What is the units digit of 1550?
0
What is the tens digit of 1746?
4
What is the hundreds digit of 21496?
4
What is the units digit of 14647?
7
What is the tens digit of 1159?
5
What is the thousands digit of 4948?
4
What is the hundreds digit of 860?
8
What is the tens digit of 920?
2
What is the units digit of 30822?
2
What is the hundred thousands digit of 128146?
1
What is the tens digit of 310?
1
What is the tens digit of 27338?
3
What is the hundreds digit of 6536?
5
What is the tens digit of 71927?
2
What is the units digit of 742?
2
What is the tens digit of 969?
6
What is the units digit of 44227?
7
What is the hundreds digit of 14891?
8
What is the units digit of 607?
7
What is the thousands digit of 12651?
2
What is the units digit of 1375?
5
What is the tens digit of 1165?
6
What is the tens digit of 6318?
1
What is the ten thousands digit of 15300?
1
What is the thousands digit of 1334?
1
Wh